e highest common divisor of c and 24.
12
Let v(a) = a**3 - 5*a**2 - 2*a - 13. Let h be v(6). Calculate the highest common factor of h and 44.
11
Let u = 31 - 22. Let s be -52*(-3)/(u/3). Suppose 0*f - 2*f = -8, 3*o = 5*f + 19. What is the greatest common factor of s and o?
13
Let x = -54 + 106. Let h(n) = 38*n + 2. Let o be h(2). What is the greatest common divisor of o and x?
26
Suppose 7*l - 72 = 5*l. Let j be 735/27 - (-4)/(-18). Let r = 51 - j. Calculate the greatest common factor of l and r.
12
Let b = 18 + -11. Let d = 8 + 6. What is the greatest common divisor of d and b?
7
Let j be 251/2 - 7/14. Calculate the highest common divisor of 50 and j.
25
Suppose q = -2, -3*h - 4*q + 6*q = -67. Calculate the highest common factor of h and 147.
21
Let z = 8 + 5. What is the highest common divisor of z and 13?
13
Suppose 5*i - 234 = 36. Calculate the greatest common divisor of 6 and i.
6
Let j be (-4)/(24/33)*-4. Suppose -18 - j = -4*d. What is the greatest common factor of 4 and d?
2
Let c be 1 + (0 - -12) + -3. Calculate the highest common divisor of 25 and c.
5
Let d(x) = x + 10. Let o be d(-8). Let k(n) = -2*n. Let i be k(-5). What is the highest common divisor of o and i?
2
Suppose 0 = 34*b - 29*b - 30. What is the highest common factor of b and 12?
6
Suppose 4*r + 3*u - 161 = 0, 0*r + 2*u = 2*r - 98. Suppose -3*b = -2*f - b + 226, -f = -3*b - 119. Calculate the highest common divisor of f and r.
22
Let w be 1091/9 + (-10)/45. Suppose -3*q - 8 = -s, -s - 5*q + 16 = -0*q. What is the highest common divisor of w and s?
11
Let p(j) be the second derivative of j**3/2 - 7*j**2/2 - 2*j. Let z be p(5). What is the greatest common factor of 64 and z?
8
Let n(c) = c**2 - 7*c - 13. Let p be n(9). Suppose 10 = -0*v + p*v. What is the greatest common divisor of 14 and v?
2
Suppose -10*j + 16 = -6*j. Suppose d - 6*c = -j*c - 1, 5 = c. Calculate the greatest common factor of d and 1.
1
Let h = -5 - -4. Let s be (h - -8)*1*33. Suppose s + 49 = 4*r. Calculate the greatest common divisor of 14 and r.
14
Suppose -24 = p - 5*p. Calculate the highest common divisor of 15 and p.
3
Let c be 36 + (-4 - 12)/(-4). Calculate the highest common divisor of 10 and c.
10
Suppose 4*s - 3*s = 162. Let w = s - 90. Calculate the highest common factor of 8 and w.
8
Suppose 0 = -a + 23 - 9. Calculate the highest common factor of 28 and a.
14
Let k(t) = 3*t + 13. Let c be k(0). Calculate the greatest common divisor of c and 13.
13
Let h(s) = s**2 + 6*s + 9. Let y be h(9). Suppose 0 = 3*v - 7*v + y. What is the greatest common divisor of 90 and v?
18
Let d be 9 + (-9)/12 + (-54)/24. Let n be (3/3)/2*12. What is the greatest common factor of n and d?
6
Let u = 35 - 26. What is the highest common factor of u and 1?
1
Let n(w) = w**2 - 10*w - 1. Suppose 5*p - 1 = k, 5*k = -3*p + 3 + 48. Let x be n(k). Let d = 20 + x. What is the highest common factor of 90 and d?
10
Suppose 5*q - 3*k = 18, 2*k - 10 = -5*q - 3*k. What is the greatest common factor of q and 2?
1
Let z = -108 - -117. Let o(t) = -t**3 - 6*t**2 + 8*t + 10. Let r be o(-7). What is the greatest common divisor of r and z?
3
Suppose -3*d = -2 - 4. Let i be d/4 - (-2)/4. Let f be 2/(-6) - 56/(-6). Calculate the highest common divisor of f and i.
1
Let k be (194 + 2)/(2/2). Suppose -5*t + 39 = -k. Suppose 4*x = x + w + t, -2*w = 2*x - 42. Calculate the highest common divisor of 153 and x.
17
Suppose 7*x = 8*x - 14. Calculate the highest common divisor of x and 112.
14
Let w = 4 - 2. Suppose -15 = -4*a + 5*n + 1, -w*a - 5*n + 8 = 0. Suppose 65 = b + a*b. What is the highest common divisor of b and 52?
13
Suppose -26 - 169 = -3*o. Let x be 1 + (-50*1)/(-2). Calculate the highest common divisor of x and o.
13
Suppose -11*b + 9*b + 100 = 0. Calculate the highest common divisor of b and 10.
10
Let u be (-2 + (-12)/(-5))*15. What is the greatest common divisor of 9 and u?
3
Suppose -i + 5 + 11 = 0. Calculate the highest common factor of 40 and i.
8
Let p = 5 + -3. Suppose 0 = -p*g + 4 + 2. Suppose 78 = g*o - 0*o. What is the highest common factor of 39 and o?
13
Let w be 148*(-3 + (27/12 - -1)). What is the greatest common factor of 259 and w?
37
Let z = -6 + -4. Let o be (z/(-20))/(1/4). Let d be (-1 - 7)/o*-2. What is the greatest common factor of d and 64?
8
Let y be -2 + 6*1 + (-20 - -67). Calculate the highest common factor of y and 255.
51
Suppose w + w = 240. What is the highest common divisor of w and 15?
15
Let a(g) = g**3 - 10*g**2 + 3*g - 12. Let y be a(10). Calculate the greatest common divisor of 27 and y.
9
Let j(x) = x**3 + 16*x**2 - x + 2. Let l be j(-16). What is the highest common divisor of l and 18?
18
Suppose -5*c = -12 + 2. Suppose r - 5*b = -13, -12 = -3*r - 0*b - 2*b. Suppose -r*i + 5 = -5. What is the greatest common divisor of i and c?
1
Suppose 0*k = -2*k - 4. Let n be 1 + ((-2)/k - -1). Suppose 2*t = 5 + 19. Calculate the greatest common factor of n and t.
3
Let g be ((-8)/1)/4 + 90. Calculate the highest common divisor of 11 and g.
11
Suppose -3*r = -15, 0 = -2*s - 4*r - 11 + 41. What is the greatest common divisor of s and 55?
5
Suppose 9*m + 0*m - 576 = 0. Suppose 5*p + 65 = -2*a, 4*p + 148 = -4*a - 0*p. Let b = a + m. Calculate the greatest common divisor of b and 24.
24
Suppose -4*a - 50 = -5*p - a, 0 = 2*p - a - 20. Calculate the highest common factor of p and 5.
5
Let v = -5 + 22. What is the greatest common divisor of v and 136?
17
Suppose 0*v - 1 = -v. Let t be 0 + -1 + v + 56. What is the highest common factor of 14 and t?
14
Let w be -2 + (57 - 0) + 0. Let f be -1*(-1 - (-1 - -3)). Suppose -3*s = -2*v + 13, -f*v = v - s - 21. What is the highest common factor of w and v?
5
Suppose 4*a - n = 57, 0 = -2*a - a + n + 42. Suppose 0 = 5*r - 25. Calculate the greatest common divisor of a and r.
5
Suppose -2*s = 0, -4*z - 3*s = -0*z - 288. What is the highest common factor of 9 and z?
9
Let x(o) = -2*o - 4. Let c be x(-3). Suppose 4*k = c*k + 30. Let b = -117 + 222. What is the greatest common factor of b and k?
15
Let z = -5 + 12. Suppose 71 = 3*x + 4*h, 5*x - 95 = h + 4*h. What is the greatest common factor of z and x?
7
Let n be 3 - 18/6 - -12. Calculate the highest common factor of n and 48.
12
Let t = -19 - -19. Suppose t = -4*o - o + 320. Calculate the greatest common factor of o and 8.
8
Let s(n) = 3*n**2 - n + 1. Let l be s(1). Let j be -1*(-8)/l*15. Suppose 0 = -f - 3*f + 32. Calculate the greatest common factor of f and j.
8
Let w(s) = -s**3 + 8*s**2 - 11*s - 1. Let v be w(6). Calculate the greatest common factor of 5 and v.
5
Let g(i) = -i + 1. Let v be g(-6). Suppose 6*t = v*t - 100. What is the highest common factor of t and 20?
20
Let m be 0/2 - (-3 - -1). Let k be 1 - m/1 - -101. What is the greatest common factor of k and 10?
10
Let c = 9 + -21. Let r = 23 + c. Let x = 1 + r. What is the greatest common divisor of x and 30?
6
Let t(c) = -c**3 + c**2 + c + 8. Let h be t(0). Let i = 11 + -7. Suppose g = i + h. Calculate the highest common factor of 12 and g.
12
Let v = -1 - -4. Let j be 15 - (-2 + (0 - -1)). Suppose -5*o = j - 136. What is the highest common factor of v and o?
3
Let l be 16/3 + (35/(-15) - -3). Calculate the greatest common factor of l and 66.
6
Let x = 178 - 342. Let p = 262 + x. What is the greatest common factor of 14 and p?
14
Suppose -514 = -2*k + 2*w, -w = -4*k + w + 1034. What is the highest common divisor of 20 and k?
20
Let y(g) = -41*g - 2. Let f be y(-2). Suppose t - 3*w + 2 = 1, -4*w - 1 = t. Let o be (t/(-2))/((-2)/(-40)). What is the highest common factor of f and o?
10
Let g(h) = -4*h - 2. Let a be g(-14). What is the greatest common divisor of a and 36?
18
Suppose -m - m + w + 247 = 0, -3*m + 363 = -3*w. Calculate the greatest common divisor of m and 14.
14
Let z = -37 + 43. What is the highest common factor of 48 and z?
6
Suppose 38 - 3 = 7*l. Calculate the highest common factor of l and 20.
5
Let q = 1 - 2. Let s be 1 - ((-1)/q - 1). Suppose 0*z + 5*z = 40. What is the greatest common divisor of z and s?
1
Suppose -3*t = 19 - 4, -3*f - 3*t = -513. Let u be 16/72 - f/(-18). Let z = -19 + 44. Calculate the greatest common divisor of z and u.
5
Suppose 2*q + 4*b - 26 = 0, -3*b - 13 = 3*q - 8*q. Suppose -2*t - 160 = -q*n, t + 25 = n + 2*t. What is the